{"id":58,"date":"2010-03-18T17:08:45","date_gmt":"2010-03-18T15:08:45","guid":{"rendered":"http:\/\/www.werkpaedagogik.de\/?page_id=58"},"modified":"2010-03-18T17:08:45","modified_gmt":"2010-03-18T15:08:45","slug":"bauanleitung-jesty-javelin","status":"publish","type":"page","link":"https:\/\/www.werkpaedagogik.de\/?page_id=58","title":{"rendered":"Bauanleitung: &quot;Jesty Javelin&quot;"},"content":{"rendered":"<p>Dies ist ein Bumper-Car f\u00fcr das verr\u00fcckte Autorennen f\u00fcr die Rennwagen aus der Holzwerkstatt. (Woodworkers Crazy Racing Car) Es ist nicht ganz einfach zu bauen, ist also kein Anf\u00e4ngerfahrzeug. Jesty Javelin, der &#8222;lustige Wurfspie\u00df&#8220; hat <a href=\"https:\/\/www.werkpaedagogik.de\/wp-content\/uploads\/2010\/03\/jestyjavelinracingcar.jpg\"><img loading=\"lazy\" decoding=\"async\" class=\"alignleft size-thumbnail wp-image-173\" title=\"jestyjavelinracingcar\" src=\"https:\/\/www.werkpaedagogik.de\/wp-content\/uploads\/2010\/03\/jestyjavelinracingcar-150x150.jpg\" alt=\"jestyjavelinracingcar\" width=\"90\" height=\"90\" \/><\/a>bisher sehr viele Wettk\u00e4mpfe gegen das\u00a0 &#8222;Gr\u00fcne Monster aus Bonn&#8220; gewonnen (nicht alle, aber die meisten). Jesty Javelin hat einen besonderen Bumper (Sto\u00dfstange) mit 7 Holzrollen. Das gr\u00fcne Monster benutzt einen sehr effektiven Bumper aus Stahldraht mit einem Zahnrad zum Wenden an der Bande.<a href=\"https:\/\/www.werkpaedagogik.de\/wp-content\/uploads\/2010\/03\/crazygreen.jpg\"><img loading=\"lazy\" decoding=\"async\" class=\"alignright size-thumbnail wp-image-174\" style=\"margin-left: 1px; margin-right: 1px;\" title=\"crazygreen\" src=\"https:\/\/www.werkpaedagogik.de\/wp-content\/uploads\/2010\/03\/crazygreen-150x150.jpg\" alt=\"crazygreen\" width=\"90\" height=\"90\" \/><\/a> <a href=\"https:\/\/www.werkpaedagogik.de\/wp-content\/uploads\/2010\/03\/das-grune-monster-aus-bonn.jpg\"><img loading=\"lazy\" decoding=\"async\" class=\"size-thumbnail wp-image-172 alignright\" title=\"das-grune-monster-aus-bonn\" src=\"https:\/\/www.werkpaedagogik.de\/wp-content\/uploads\/2010\/03\/das-grune-monster-aus-bonn-150x150.jpg\" alt=\"das-grune-monster-aus-bonn\" width=\"90\" height=\"90\" \/><\/a><\/p>\n<p><a href=\"https:\/\/www.werkpaedagogik.de\/wp-content\/uploads\/2010\/01\/bauplan-jesty-javelin.pdf\"> bauplan-jesty-javelin<\/a><\/p>\n","protected":false},"excerpt":{"rendered":"<p>Dies ist ein Bumper-Car f\u00fcr das verr\u00fcckte Autorennen f\u00fcr die Rennwagen aus der Holzwerkstatt. (Woodworkers Crazy Racing Car) Es ist nicht ganz einfach zu bauen, ist also kein Anf\u00e4ngerfahrzeug. Jesty Javelin, der &#8222;lustige Wurfspie\u00df&#8220; hat bisher sehr viele Wettk\u00e4mpfe gegen das\u00a0 &#8222;Gr\u00fcne Monster aus Bonn&#8220; gewonnen (nicht alle, aber die meisten). Jesty Javelin hat einen &hellip; <a href=\"https:\/\/www.werkpaedagogik.de\/?page_id=58\" class=\"more-link\"><span class=\"screen-reader-text\">\u201eBauanleitung: &quot;Jesty Javelin&quot;\u201c<\/span> weiterlesen<\/a><\/p>\n","protected":false},"author":2,"featured_media":0,"parent":0,"menu_order":0,"comment_status":"closed","ping_status":"closed","template":"","meta":{"footnotes":""},"class_list":["post-58","page","type-page","status-publish","hentry"],"_links":{"self":[{"href":"https:\/\/www.werkpaedagogik.de\/index.php?rest_route=\/wp\/v2\/pages\/58","targetHints":{"allow":["GET"]}}],"collection":[{"href":"https:\/\/www.werkpaedagogik.de\/index.php?rest_route=\/wp\/v2\/pages"}],"about":[{"href":"https:\/\/www.werkpaedagogik.de\/index.php?rest_route=\/wp\/v2\/types\/page"}],"author":[{"embeddable":true,"href":"https:\/\/www.werkpaedagogik.de\/index.php?rest_route=\/wp\/v2\/users\/2"}],"replies":[{"embeddable":true,"href":"https:\/\/www.werkpaedagogik.de\/index.php?rest_route=%2Fwp%2Fv2%2Fcomments&post=58"}],"version-history":[{"count":0,"href":"https:\/\/www.werkpaedagogik.de\/index.php?rest_route=\/wp\/v2\/pages\/58\/revisions"}],"wp:attachment":[{"href":"https:\/\/www.werkpaedagogik.de\/index.php?rest_route=%2Fwp%2Fv2%2Fmedia&parent=58"}],"curies":[{"name":"wp","href":"https:\/\/api.w.org\/{rel}","templated":true}]}}